 of (3/r)/(2/24).
2
Suppose -3*c + 6*c = 0. Let j be -2 - -13 - (c - 1). What are the prime factors of (j/(-8))/((-18)/60)?
5
Let w = -1315 + 1873. List the prime factors of w.
2, 3, 31
Let d be (-1)/3 - (-38)/(-3). Suppose -4*f = -8*f - 20, f - 27 = 2*i. Let z = d - i. List the prime factors of z.
3
Suppose -3*c + 8 = -34. Suppose 0 = -c*p + 10*p + 180. List the prime factors of p.
3, 5
What are the prime factors of 2387/2*(-12)/(-7)?
2, 3, 11, 31
Let v = 27 - 18. Let s = -19 + v. Let k = 6 - s. List the prime factors of k.
2
Let w(n) = n + 8. Let h be w(-4). Suppose -h*s + 2*u - 6*u = -12, 3*u - 3 = 3*s. What are the prime factors of (0 - -3)*(5 - s)?
2, 3
What are the prime factors of (4870/25 + 0)*210/14?
2, 3, 487
Suppose 0 = 8*x - 1276 - 116. Suppose -c + 118 = 3*m, x = 3*m + m - 2*c. Let l = m + -27. What are the prime factors of l?
2, 7
List the prime factors of (50/125)/(2/3470).
2, 347
Let p(q) be the second derivative of -q**3/6 + 3*q**2 + 2*q. Let s(l) = -l**3 - 7*l**2 - 4*l + 6. Let a be s(-6). List the prime factors of p(a).
2, 3
Let r = 925 - 394. What are the prime factors of r?
3, 59
Let h(v) = 3*v**3 + 8*v**2 - 10*v - 13. Let c(w) = 4*w**3 + 8*w**2 - 11*w - 14. Let o(b) = 5*c(b) - 6*h(b). What are the prime factors of o(6)?
2, 7, 13
Let o = 1967 - 1194. What are the prime factors of o?
773
Let q(f) = -f**2 + 6*f + 1. Let z be q(5). Suppose 7*u = 4*u + l - 10, 0 = u - 5*l - z. What are the prime factors of u/((-12)/(-9))*-3?
3
What are the prime factors of (260/(-91))/(1/(-623))?
2, 5, 89
Let y = 2384 + -332. What are the prime factors of y?
2, 3, 19
Let h(w) = -14*w**2 + 4*w - 3. Let j(v) = 13*v**2 - 4*v + 3. Let c(i) = 5*h(i) + 6*j(i). List the prime factors of c(2).
3
Let i = -16 - -60. Let a = 48 - i. What are the prime factors of a?
2
Let s(c) be the first derivative of -c**4/4 - 8*c**3/3 + c**2/2 + 8*c + 1. Let k be s(-8). Let t = 30 + k. List the prime factors of t.
2, 3, 5
Let y be (-4)/(-10) + 28/5. What are the prime factors of 95*1/15*y?
2, 19
Suppose -2*s + 94 + 170 = 0. Suppose -4*j - 200 = s. Let q = -56 - j. List the prime factors of q.
3
Suppose -4*b = -4*w + 10 + 2, -5*b - 9 = -2*w. Suppose w*d + 75 = 2*s + d, 2*s - 65 = 3*d. List the prime factors of s.
2, 5
Let f = 1795 + 984. List the prime factors of f.
7, 397
Let t(h) = h**3 + h**2 - 3*h. Let u be t(-2). Suppose u*q + 106 = 2*p, 3*p - 2*q - 65 = 93. What are the prime factors of p?
2, 13
Let m(q) = 14*q**2 - 3*q + 2. Let x be m(2). Suppose -7*b + 767 + x = 0. What are the prime factors of b?
3, 13
Let l be ((-26)/(-40) - (-3)/(-12))*-175. List the prime factors of l/(4 - 36/8).
2, 5, 7
Suppose 13 = -3*m - 17. Let o = -3 - m. Let k(n) = -n**2 + 9*n + 8. What are the prime factors of k(o)?
2, 11
Let s = 460 - -417. What are the prime factors of s?
877
Suppose 72 - 36 = 9*p. List the prime factors of p.
2
Let g(n) = -24*n**2 + n - 6. Let q(a) = -49*a**2 + 2*a - 13. Let s(l) = -9*g(l) + 4*q(l). What are the prime factors of s(2)?
2, 5
List the prime factors of (1/(-5))/(40/(-500))*216.
2, 3, 5
Let q(n) be the first derivative of 13/2*n**2 - 1/3*n**3 - 15*n + 4. What are the prime factors of q(10)?
3, 5
Let y(a) = a + 2. Let p = 11 + -8. Let l be y(p). Suppose 3*f = 2*g + 76 - 5, -35 = -f - l*g. What are the prime factors of f?
5
Let k(n) = n**2 - 7*n - 11. Let w be k(8). Let x be (-2)/3*w/1. Suppose -x*j + 7*j - 2*b = 84, 3*j - 2*b = 48. What are the prime factors of j?
2, 3
Let x be 3 + (4/(-4) - -8). Let d be (-106)/x + (-3)/(-5). List the prime factors of 6/(-15) + (-134)/d.
13
Suppose -2*m = -2 - 12. Suppose 44 = 3*k - 5*b, 4*b = -m*k + 4*k + 62. List the prime factors of k.
2, 3
Let v be (-50)/(-10)*5*1. Let a = -59 + v. Let y = a + 48. What are the prime factors of y?
2, 7
Let w(t) = -7*t + 13. Let f(k) = -8*k + 12. Let c(a) = -5*f(a) + 4*w(a). What are the prime factors of c(3)?
2, 7
Let m = 120 - 168. What are the prime factors of 16/m - (-518)/6?
2, 43
Let b(v) be the first derivative of 3*v**4/4 - 2*v**3/3 + v**2 + 7. Let p be b(2). Suppose -5*h + 110 - p = 0. What are the prime factors of h?
2, 3
Let q(b) = -b**3 - b**2 + b. Suppose 0 = 2*w - 0*w - 2. Let p be q(w). What are the prime factors of 2 + p + 18 + 5?
2, 3
Let f be (-3)/(-9) - (2280/9)/(-2). Let c = f + -46. What are the prime factors of c?
3
Suppose 2*x + j - 546 = 2143, -2*x = 3*j - 2699. Suppose -1988 - x = -15*g. List the prime factors of g.
2, 3, 37
Suppose -t + 57 = 3*y, t + 95 = 5*y - 0*t. Suppose -y = -3*c + 2*c + 4*f, 3*c - f - 101 = 0. Suppose -4*v = -25 - c. What are the prime factors of v?
3, 5
Let q be (33/22)/((-3)/(-32)). Let b = -12 + q. Suppose -b*x - 3 = -23. List the prime factors of x.
5
Suppose -900*m - 9090 = -906*m. What are the prime factors of m?
3, 5, 101
Let p = 14 + -10. Suppose 0 = -w - p. List the prime factors of -15*(-2 - w/20).
3
Suppose 4*k = -q - 4*q - 2356, 0 = -k + 5*q - 589. Let s = k - -1141. What are the prime factors of (-2)/6 + s/9?
61
Let u(k) = k**2 + 3*k + 5. Let g be u(-3). Suppose y + 412 = g*y. List the prime factors of y.
103
Suppose 0 = x - 5*f + 7*f - 331, 5*f - 991 = -3*x. What are the prime factors of x?
3, 109
What are the prime factors of 123 + 3 + -1 + -6?
7, 17
Let m(q) = 146*q**2 - 10*q + 9. List the prime factors of m(1).
5, 29
Let b = 5 + 37. Suppose 2*t = -0*t + b. Suppose -l + t = -0*l. List the prime factors of l.
3, 7
Let w(z) = z**2 - 9*z + 10. Let g be w(8). Let x be -6*-1*g/(-4). List the prime factors of (-78)/(-4)*(-4)/x.
2, 13
Let k = 2813 - 2691. List the prime factors of k.
2, 61
Let d(u) = -2*u + 3. Let f be d(0). Suppose 5*j = -2*p + 70, -2*p + f*p - 42 = -3*j. Let a = 45 - j. List the prime factors of a.
31
Let o be 2*(4 + (-36)/8). What are the prime factors of -23*((3 - 3)/1 + o)?
23
Let j(f) = 5*f**2 + 38*f - 53. What are the prime factors of j(11)?
2, 5, 97
Suppose -3*d + 4*d = 10. Let s = d + -1. Suppose -2*p - p + s = 0. What are the prime factors of p?
3
Suppose -20 = 4*q - 0. Let j(c) = c**2 + 3*c. Let g be j(q). Suppose 18 = -r + 5*w, g = 4*r + r - 5*w. What are the prime factors of r?
7
Let f(j) = -313*j + 4. Let s be f(-1). Suppose -s - 538 = -9*h. What are the prime factors of h?
5, 19
What are the prime factors of 1122 + 0 - (-468)/(-78)?
2, 3, 31
Let f(s) = 2*s - 6. Let y be f(5). Suppose -y*c = -13 - 19. List the prime factors of 4/(c/4) + 7.
3
Let p = -8 - -27. List the prime factors of p/(-76) - 210/(-8).
2, 13
Let c(p) = p - 1. Let y(v) = 18*v - 22. Let w(h) = 6*c(h) - y(h). List the prime factors of w(-6).
2, 11
Let t = 4 - 11. Let x(l) = -l**2 - 6*l + 9. Let m be x(t). Suppose -18 = m*f - 68. List the prime factors of f.
5
Suppose 0 = 5*n + 73 + 52. Let p = 56 + n. What are the prime factors of p?
31
Let o = 261 + 119. What are the prime factors of o?
2, 5, 19
Let v(p) = -3*p - 12. Let k be v(-5). Suppose 277 = 5*r + 3*s - 22, -k*r - 5*s + 189 = 0. What are the prime factors of r?
2, 29
Suppose 3*i + 3 = 5*k - 10, 2*i = -k + 13. Suppose 4*f = -3*v - 132, f + 2*v = i*v - 33. Let p = 51 + f. What are the prime factors of p?
2, 3
Suppose 5*v + 4*n = 2*n + 41, -n - 29 = -3*v. Suppose -4*t = -t - v. Suppose d = t*d - 58. What are the prime factors of d?
29
Let z(u) = -u**3 + 4*u**2 - 2*u + 9. Let d be z(4). Let j(t) = 12*t + 3. List the prime factors of j(d).
3, 5
Let j = -438 + 503. What are the prime factors of j?
5, 13
Let o be 4/(-18) - 266/(-63). Suppose -k + 30 = 5*r - 79, -3*k = -o*r - 365. List the prime factors of k.
7, 17
Let g(f) = -100*f - 134. List the prime factors of g(-26).
2, 3, 137
Let b be (5 + 0 + -1)*33/44. Suppose -b*a = -0*a, 5*r - 2*a - 605 = 0. What are the prime factors of r?
11
Suppose 9530 = 9*s + s. List the prime factors of s.
953
Let p = -9 + -1. Let u = 45 + p. What are the prime factors of u?
5, 7
Let l = -155 + 73. Let r(m) = m**3 + m**2 - 8*m - 8. Let p be r(-6). Let w = l - p. What are the prime factors of w?
2, 29
Let l = -22 + 33. Let m = 13 + l. Suppose 0*k = k - m. List the prime factors of k.
2, 3
List the prime factors of (-566)/4*7/((-7)/8).
2, 283
Suppose 0 = -y - 5*y + 294. List the prime factors of (-432)/(-2) - (y/(-7) - -7).
2, 3
Let i(j) = -321*j**3 + 13*j**2 + 10 + 320*j**3 - j - 6*j**2. Suppose 2*v - k = -0*v + 13, -5*k = v - 1. What are the pri